10/(140/63)?
9
Let q = 2 - 5. Let m(w) be the second derivative of -w**5/4 + 5*w**4/12 + 7*w**3/6 + 7*w + 10. What is the tens digit of m(q)?
5
Suppose 0 = -115*t + 20*t + 1865914 + 2041056. What is the hundreds digit of t?
1
What is the units digit of (-6 - -1) + (12 - (7 + -18435)) + -6?
9
Let m = 35555 + -33134. What is the units digit of m?
1
Suppose -h + 8 = 4*y, -5*h + 16 = -3*h - 4*y. What is the units digit of (h - 14)/(-12)*1706?
3
Suppose j + 1784 = -0*j. Let w = j - -2546. Suppose -w = -5*g - 127. What is the units digit of g?
7
Let t = -19011 + 37454. Suppose 0 = -25*g + 16232 + t. What is the hundreds digit of g?
3
Let r(m) = 7*m + 5. Let b be r(-7). Let w = 47 + b. Suppose w*n - 184 = -7. What is the tens digit of n?
5
Let o(b) = -2 + b**2 + 0 - 10 - 2*b + 0*b. Suppose 2*t = 4*c - 0*c - 18, -2*c = t - 11. What is the units digit of o(c)?
3
Suppose 19 = 6*z - 5. What is the units digit of -6*((-85)/6 + z)?
1
Suppose 0 = -4*h + 12, 5*h - 242 = -d - 86. Suppose d*x + 476 = 148*x. What is the units digit of x?
8
Let q(n) = n**3 + 5*n**2 + 3*n - 3. Let c be q(-4). Let d be ((-28)/20 + c)*-10. Suppose 0 = -3*m - z + 170, -2*m + z + 104 = d*z. What is the tens digit of m?
5
Let q = 48 - 46. Let c be 3 + (2 - -2) + (1 - q). What is the tens digit of 1094/c - (1 - 4/6)?
8
Let p be 18/(-30)*-5 + 1*49. Suppose -44*g = -p*g + 1040. What is the tens digit of g?
3
Let v be 4/((-3)/(-24) + 9/24). What is the tens digit of (v + -17 - 788)*(1 + -2)?
9
Let a = -3558 - -7260. What is the units digit of a?
2
Let x(i) = 6*i**2 - 13*i - 31. Let o be (7 - (-64)/(-4))*1. What is the hundreds digit of x(o)?
5
Let f(c) = -3*c**2 + 18*c - 12. Let i be f(5). Suppose 4*b = -i*a + 20, -5*b - 4*a = -10 - 15. What is the tens digit of (66/9)/(b/30)?
4
Suppose -k + 3180 = -2*g, 4*k - 2*g = 5*k - 3184. Suppose -29*b = -k - 1110. What is the units digit of b?
8
Let v(a) = -29*a + 118. Let i be v(4). What is the units digit of (((-11364)/18)/i)/((-1)/3)?
7
Let n = -208 + 256. What is the hundreds digit of n/9*(1 - -68)?
3
Let i(d) = -2464*d**3 - d**2 - 3*d - 3. Let w be i(-1). Let v = w - 736. What is the units digit of v?
7
Suppose -y + 15 = 11. Suppose y*z = -u + 56 + 269, -2*u + z + 632 = 0. Suppose 3*k - u - 127 = 0. What is the hundreds digit of k?
1
Let p be (-19)/(-4) - (1 - 20/16). Suppose p*u = -4*l - 20, -l + 34 = -3*u + l. Let c(w) = w**3 + 8*w**2 - 2*w - 11. What is the units digit of c(u)?
5
Let l(d) = d**3 - 8*d**2 - d - 4. Let f be l(6). Let j = f + 85. What is the units digit of j?
3
Let r(p) = -5*p**2 + 5*p**2 + 30*p + 4*p**2 + p**2 - 20 + p**2. What is the hundreds digit of r(9)?
7
Let i = 240 - 230. Suppose 0 = 3*f + 2*f + i, -4*f = -2*s + 216. What is the units digit of s?
4
Suppose 0 = 37*v - 30045 + 297. Let b = 776 - 500. Suppose -8*j - b = -v. What is the units digit of j?
6
Let x(b) = 7*b**3 - b + 3. Let o be x(-4). Let n = -299 - o. Let d = -82 + n. What is the tens digit of d?
6
Let h(g) = -2*g**2 + 4*g - 2. Let q be h(5). Let d = q + 31. Let j = d - -12. What is the units digit of j?
1
Suppose 3*b + 67 = 688. Let z = 54 + b. Suppose 5*f - 114 - 331 = -5*h, z = 3*h - 3*f. What is the tens digit of h?
8
Suppose -d = 11 - 8. Let b(w) = w**3 + 5*w**2 + 9*w + 7. Let v be b(d). What is the units digit of (-115)/v*(2 + 0)?
5
Let y = -217 - -412. What is the units digit of (y/15 - 12) + 2292/2?
7
Let u = 31 - 28. Suppose -t - 14 = -4*j, -3*t + 1 = -2*j + u. Suppose 5*h - 234 = -3*w, -4*w - 196 = -4*h - t*w. What is the tens digit of h?
4
Suppose 0 = 87*a - 67*a - 1359 - 801. Suppose n + 0*g + 4*g = 30, 4*n - 45 = -g. What is the tens digit of n/8 - (-10881)/a?
0
Suppose -5*v = 15, -165*v = 6*r - 164*v - 382377. What is the units digit of r?
0
Suppose -6*i + 2*i = 260. Let y = i + 69. What is the tens digit of y*-8*-2 + 3?
6
Suppose -145*i - 182994 = -187*i. What is the hundreds digit of i?
3
Let v be 8 - 2 - (0 + 780 - 1). Let z = v - -2193. What is the tens digit of z?
2
Let h = 4 + -112. Let w be (1*395/(-15))/(1/6). Let s = h - w. What is the units digit of s?
0
Suppose -9*s = -3*c - 10*s + 16203, -10815 = -2*c - 5*s. What is the hundreds digit of c?
4
Let u(l) = -12*l + 122. Let j be u(10). What is the units digit of j/5 + (-2968)/(-5)?
4
Suppose 10*k - 7*k + 3483 = -4*v, 5*k - 5*v + 5770 = 0. Let l = -639 - k. What is the tens digit of l?
1
What is the hundreds digit of 41413 - 4*((-27)/90)/((-12)/50)?
4
Let w(v) = 8 - 22 + 10 - v. Let k be w(-2). What is the units digit of 32/(-24)*3/k?
2
Suppose g + 0*q = -5*q + 11, -9 = -5*g - 2*q. Let d be (-8)/16*(g + -1). Let s(r) = -2*r**2 + 61. What is the units digit of s(d)?
1
Let p = 1762 - 890. Let b = p - -1480. Suppose 27*q - 15*q = b. What is the tens digit of q?
9
Let o be 0/1 + (-294)/(-49). Suppose 394 - 2728 = -o*a. What is the tens digit of a?
8
What is the units digit of -21*(-2)/4*98748/273?
8
Let m(y) = 55*y**2 + 368. What is the thousands digit of m(-9)?
4
Suppose -10*x = -30*x. Suppose x = o + 5*b - 461, -2*o + 4*o - 934 = -4*b. What is the units digit of o?
1
Suppose -2*j + 12609 = 3*l, -113990 = -19*j + 3*l + 5575. What is the units digit of j?
4
Let f(l) be the second derivative of l**4/4 - 7*l**3/2 + 31*l**2/2 + 16*l - 3. What is the hundreds digit of f(15)?
3
Let g(r) = -1011*r + 37. Let k be g(-3). Suppose 3*x - 613 = -2*y + 632, -5*y + x = -k. What is the tens digit of y?
1
What is the units digit of (-7 - 567/(-84))/((-1)/(167031 - -1))?
8
Suppose -63 = 5*o - 0*z + z, 2*z - 30 = 2*o. Let s = 19 - 14. What is the units digit of o/65 + 136/s?
7
Let c be -6 + 1214 + -2 - 2. Suppose l = i + 710, -5*i + c + 958 = 3*l. What is the tens digit of l?
1
Let q = -740 - -700. Let b be ((-6)/(-5))/(21/(-70)). What is the units digit of (46/b)/(2 - (-84)/q)?
5
Let r = 1980 + 2558. What is the tens digit of r?
3
What is the units digit of (56/252 + (-152)/(-45))*20?
2
What is the tens digit of (1/1 + 0)/(45/51885)?
5
Let k(d) be the third derivative of d**5/60 + 7*d**4/12 + 13*d**3/3 - 33*d**2 - 3. What is the hundreds digit of k(-25)?
3
Let u be -18*(4/12)/(-1). Suppose m - 22 = -u. What is the units digit of 5/(20/m) - -41?
5
Let m(x) = -3*x. Let s be m(-6). Suppose h - 3 = 0, 3*i + 3*h + 0 = 15. Suppose -371 = -i*u - b, -u + 5*b - s = -176. What is the tens digit of u?
8
Suppose 10*k = 17900 + 52980. What is the tens digit of k?
8
Let z(j) = -j + 1458. Let o be z(0). Suppose 51*a = 45*a + o. What is the units digit of a?
3
Suppose 0 = 2*q - 3*n + 8*n - 27072, -6*n + 13529 = q. What is the units digit of q?
1
Suppose 1054*y = 1005*y + 1777769. What is the thousands digit of y?
6
Suppose 32184 + 11805 + 31491 = 15*s. What is the hundreds digit of s?
0
Let d = -222 - -224. Suppose -d*s = -3*r - 503, 0 = -5*r - 2 - 3. What is the units digit of s?
0
Let w(x) = -538*x + 3. Let v be w(-1). Suppose 3*u - 839 = -4*t, 2*u + 3*t = 4*t + v. What is the tens digit of u?
7
Let o(z) = -2*z**3 + z**2 + 425*z + 52711. What is the ten thousands digit of o(0)?
5
Let o = -1033 - -1826. Suppose -5*p = -6*p + o. What is the tens digit of p/15 + 6/45?
5
Suppose -403*u + 602*u - 4371433 = 0. What is the hundreds digit of u?
9
Let v(l) = 7*l**3 - 26*l**2 + 72*l + 189. What is the units digit of v(13)?
0
Suppose -38*v + 156216 - 8685 = -363759. What is the thousands digit of v?
3
Suppose n - 19 = -4*s, 11*n + 28 = 3*s + 9*n. Suppose -2*i - 1638 = -4*i. Suppose a + s*a = i. What is the units digit of a?
7
Let l = 50370 - -27978. What is the thousands digit of l?
8
What is the thousands digit of 15/6*((-590324)/(-35) - 10)?
2
Suppose 2*l = 2 + 4, 2*l - 14 = 2*g. Let x be 2*((-3)/2 - g). Suppose 4*d = x*d - 97. What is the units digit of d?
7
Let n = -213 + 216. Suppose -c = -5*b - n*c + 854, 4*b + 4*c - 688 = 0. What is the hundreds digit of b?
1
Let m(o) = 45*o**2 + 24*o - 64. Let d be m(-22). Suppose -37244 = -44*n + d. What is the units digit of n?
8
What is the hundreds digit of (1 + (-8)/6)/(-7 + 2764948/394995)?
7
What is the units digit of 2 + (3073 - (10 - -5))?
0
Let q = 882 + -882. Suppose q*t + 282 = t + 3*c, 5*t + 3*c - 1458 = 0. What is the units digit of t?
4
What is the units digit of (6161 - (9 + -1))/1?
3
Let f = 74 - 74. Let h be 2 - f - 220 - -2. Let g = 461 + h. What is the units digit of